{"id":12555,"date":"2023-12-21T11:59:10","date_gmt":"2023-12-21T09:59:10","guid":{"rendered":"https:\/\/miguelmoreno.org\/blog\/?page_id=12555"},"modified":"2023-12-21T12:03:44","modified_gmt":"2023-12-21T10:03:44","slug":"politica-de-privacidad","status":"publish","type":"page","link":"https:\/\/miguelmoreno.org\/blog\/politica-de-privacidad\/","title":{"rendered":"Pol\u00edtica de Privacidad"},"content":{"rendered":"<div class=\"textlegal\">\n<p>Gracias por visitar nuestro por portal y por interesarte en las condiciones que hemos establecido para proteger tu privacidad y ofrecerte un entorno de confianza.<\/p>\n<p>Revisado el 26 de febrero de 2020<\/p>\n<p>Identificaci\u00f3n del Responsable de Tratamiento de los datos personales:<\/p>\n<p><img loading=\"lazy\" decoding=\"async\" class=\"wp-image-12550 aligncenter\" src=\"https:\/\/miguelmoreno.org\/blog\/wp-content\/uploads\/2023\/12\/aviso-legal.jpg\" alt=\"\" width=\"454\" height=\"61\" srcset=\"https:\/\/miguelmoreno.org\/blog\/wp-content\/uploads\/2023\/12\/aviso-legal.jpg 1024w, https:\/\/miguelmoreno.org\/blog\/wp-content\/uploads\/2023\/12\/aviso-legal-300x40.jpg 300w, https:\/\/miguelmoreno.org\/blog\/wp-content\/uploads\/2023\/12\/aviso-legal-768x103.jpg 768w\" sizes=\"auto, (max-width: 454px) 100vw, 454px\" \/><br \/>\nI) En cumplimiento de la vigente normativa de Protecci\u00f3n de Datos, compuesta por el Reglamento (UE) 2016\/679 del Parlamento Europeo y del Consejo, de 27 de abril de 2016, relativo a la protecci\u00f3n de las personas f\u00edsicas en lo que respecta al tratamiento de datos personales y a la libre circulaci\u00f3n de estos datos (RGPD), as\u00ed como por la Ley Org\u00e1nica 3\/2018, de 5 de diciembre, de Protecci\u00f3n de Datos y garant\u00eda de los derechos digitales, le informamos que la totalidad de la informaci\u00f3n y datos personales que nos facilite a trav\u00e9s de los correspondientes formularios del presente sitio web, ser\u00e1n objeto de tratamiento por parte de Miguel Moreno Arrabal, quien se identifica como Responsable de Tratamiento, con la finalidad concreta que le ser\u00e1 indicada de forma expresa en el momento de la recogida de los mismos.<\/p>\n<p>Las operaciones de tratamiento de los datos personales desarrolladas por parte de Miguel Moreno Arrabal, est\u00e1n sometidas a estrictas condiciones de seguridad, las cuales velan por el absoluto respeto y mantenimiento de la confidencialidad, integridad y disponibilidad de los mismos.<\/p>\n<p>De forma general le indicamos que no est\u00e1 permitido que nos facilite datos personales en nombre de terceros. Si por parte de este tercero, se produce requerimiento acerca del tratamiento que estamos realizando sobre sus datos personales, procederemos a indicarle que los mismos han sido facilitados por su parte.<\/p>\n<p>Queda igualmente prohibido que, a trav\u00e9s de cualquiera de las v\u00edas que puedan ser puestas a su disposici\u00f3n, proceda a remitirnos datos personales excesivos, o catalogados como \u201csensibles\u201d de acuerdo al RGPD. Solo ser\u00e1n obligatorios aquellos datos que resulten espec\u00edficamente indicados.<\/p>\n<p>Tiene a su disposici\u00f3n la posibilidad de ejercer los siguientes derechos:<\/p>\n<ol start=\"1\">\n<li>Acceder a los datos personales que le hayan sido recogidos.<\/li>\n<li>Rectificar y\/o modificar el contenido de los datos personales.<\/li>\n<li>Solicitar que se proceda a la supresi\u00f3n o borrado de sus datos personales.<\/li>\n<li>Limitar las operaciones de tratamiento que se realizan con sus datos.<\/li>\n<li>Oponerse al tratamiento que estamos realizando de sus datos personales.<\/li>\n<li>Pedirnos que remitamos sus datos personales a otro Responsable de Tratamiento.<\/li>\n<\/ol>\n<p>Puede solicitar el ejercicio de los mismos, acreditando debidamente su identidad ante Miguel Moreno Arrabal, en la direcci\u00f3n C\/\u00a0La Victoria, 58 Local 1 y 2, 29720\u00a0M\u00e1laga (Espa\u00f1a), o bien en el correo electr\u00f3nico\u00a0miguelmoreno@outlook.es<\/p>\n<p>Tiene a su disposici\u00f3n, de la misma forma, la posibilidad de acudir a la Agencia Espa\u00f1ola de Protecci\u00f3n de Datos, en caso de entender que han sido vulnerados sus derechos por nuestra parte.<\/p>\n<p>&nbsp;<\/p>\n<p>II) Registro de Datos de Car\u00e1cter Personal<\/p>\n<p>Para el simple acceso a los contenidos de este sitio web no se requiere la recogida de ning\u00fan dato de car\u00e1cter personal; no obstante lo anterior, el env\u00edo de datos de car\u00e1cter personal es obligatorio para contactar y recibir informaci\u00f3n sobre los servicios ofrecidos por esta web.<\/p>\n<p>El titular de los datos declara ser mayor de 14 a\u00f1os.<\/p>\n<p>No facilitar los datos personales solicitados o no aceptar la presente pol\u00edtica de protecci\u00f3n de datos supone la imposibilidad de suscribirse, registrarse o recibir informaci\u00f3n de los productos y servicios ofrecidos en este portal.<\/p>\n<p>El Usuario garantiza y responde, en cualquier caso, de la exactitud, vigencia y autenticidad de los datos personales facilitados, y se compromete a mantenerlos debidamente actualizados.<\/p>\n<p>Toda la informaci\u00f3n que el usuario proporcione durante el proceso de contacto, suscripci\u00f3n o contrataci\u00f3n de servicios ser\u00e1 almacenada por el responsable y gestor de esta web.<\/p>\n<p>III) Sistemas de captura de informaci\u00f3n personal<\/p>\n<p>Esta web puede requerir informaci\u00f3n personal en los siguientes casos:<\/p>\n<ul>\n<li>Cuando el usuario utilice cualquier formulario en la web, por ejemplo, al comentar un post en este caso solo se requiere nombre de usuario y correo electr\u00f3nico como \u00fanicos datos personales.<\/li>\n<li>Al compartir contenido en redes sociales, en ese caso se recorre el perfil de la red social.<\/li>\n<li>Tambi\u00e9n se recogen otros datos\u00a0NO IDENTIFICATIVOS\u00a0que se obtienen mediante algunas cookies que se descargan en tu ordenador cuando navegas en esta web detallados en la\u00a0Pol\u00edtica de cookies\u00a0y en el apartado de Elaboraci\u00f3n de perfiles y segmentaci\u00f3n.<\/li>\n<\/ul>\n<p>En esta web estamos asociados con Google y Statcounter para mostrar anuncios a los usuarios que acceden a esta web. Al colaborar con estos prestadores, se utilizan cookies para mostrarte anuncios relacionados con tus b\u00fasquedas recientes y mostrarte anuncios m\u00e1s relevantes.<\/p>\n<p>La IP con la que el usuario accede al servidor en el que se aloja el weblog, la fecha y hora del acceso, as\u00ed como las p\u00e1ginas que visita, son registradas y quedan almacenadas en un archivo LOG que es objeto de tratamiento a los efectos de contabilizar las visitas as\u00ed como para la realizaci\u00f3n de estad\u00edsticas. Esta informaci\u00f3n se almacena en los proveedores de Estad\u00edsticas Statcounter y Google Analytic, responsables del almacenamiento de estos datos (y rigen este punto por sus respectivas condiciones de privacidad (Ver apartado Servicios de An\u00e1lisis). Cualquier dato personal que pudiera ser extra\u00eddo de este punto no ser\u00e1 facilitado en ning\u00fan caso a terceros por el responsable de esta web, salvo los publicados y autorizados por los usuarios (nombre, URL o mail en los comentarios).<\/p>\n<p>Tambi\u00e9n se incluyen cookies servicios de terceros como: AdSense, AdWords y 11870, as\u00ed como una serie de servicios de la marca DoubleClick. Al visitar esta p\u00e1gina, se env\u00edan cookies procedentes de esos servicios a tu navegador. Consulta m\u00e1s informaci\u00f3n sobre los\u00a0<a href=\"https:\/\/www.google.com\/url?q=https:\/\/www.google.es\/intl\/es\/policies\/technologies\/types\/&amp;sa=D&amp;ust=1584630864310000\">tipos de cookies que utiliza Google<\/a>\u00a0, y descubre\u00a0<a href=\"https:\/\/www.google.com\/url?q=https:\/\/www.google.es\/intl\/es\/policies\/technologies\/cookies\/&amp;sa=D&amp;ust=1584630864310000\">c\u00f3mo Google utiliza estas cookies<\/a>.<br \/>\nPuedes utilizar la\u00a0<a href=\"https:\/\/www.google.com\/url?q=https:\/\/www.google.com\/ads\/preferences\/?hl%3Des&amp;sa=D&amp;ust=1584630864310000\">configuraci\u00f3n de anuncios<\/a>\u00a0para administrar los anuncios de Google que se te muestran e indicar que no se muestren anuncios basados en tus intereses. Aunque decidas no recibir este tipo de anuncios, pueden seguir apareciendo en funci\u00f3n de factores como tu ubicaci\u00f3n general derivada de la direcci\u00f3n IP, el tipo de navegador y las b\u00fasquedas recientes y anteriores relacionadas con tu b\u00fasqueda actual.<br \/>\nEntre los datos NO IDENTIFICATIVOS a los que podemos tener acceso gracias a estos servicios est\u00e1n:<\/p>\n<ul>\n<li>Direcci\u00f3n IP.<\/li>\n<li>La fecha y hora en la que el usuario ha accedido o utilizaste esta web.<\/li>\n<li>P\u00e1ginas visitadas<\/li>\n<li>El tipo de navegador, el idioma del navegador,<\/li>\n<li>Las p\u00e1ginas de referencia y salida y las URL. El n\u00famero de clics.<\/li>\n<li>Informaci\u00f3n sobre las p\u00e1ginas visitadas y el orden de dichas p\u00e1ginas, y el tiempo que el usuario pasa en p\u00e1ginas espec\u00edficas.<\/li>\n<\/ul>\n<p>IV) Finalidades con las que se utilizan los datos personales en esta web<\/p>\n<p>Las finalidades con las que se recogen y gestionan datos en\u00a0www.miguelmoreno.org\/blog\u00a0son:<\/p>\n<ul>\n<li>Para permitir a los usuarios acceder a esta web y que puedan participar seg\u00fan sus intereses y preferencias.<\/li>\n<li>Para facilitar el acceso a enlaces de afiliados de terceros.<\/li>\n<li>Para que los usuarios puedan compartir contenidos en redes sociales.<\/li>\n<li>Para permitir participar y moderar comentarios en el blog.<\/li>\n<li>Para poder gestionar anuncios y un esquema de afiliados.<\/li>\n<li>Fines Estad\u00edsticos: Podr\u00e1n utilizarse \u00fanicamente estad\u00edsticas y datos gen\u00e9ricos para fines publicitarios, JAM\u00c1S se compartir\u00e1n datos sensibles que permitan identificar a los usuarios a estas empresas o terceras personas.<\/li>\n<\/ul>\n<p>www.miguelmoreno.org\/blog\u00a0no vender\u00e1 ninguna informaci\u00f3n a ning\u00fan tercero que pueda permitirle identificar a una persona.<\/p>\n<p>www.miguelmoreno.org\/blog\u00a0no ceder\u00e1 los datos personales de los usuarios a terceros sin solicitar previamente su consentimiento informando del receptor de esos datos y la finalidad de esa posible cesi\u00f3n.<\/p>\n<p>V) Elaboraci\u00f3n de perfiles, segmentaci\u00f3n y categorizaci\u00f3n de los datos<\/p>\n<p>El registro de los datos personales aportados en el momento de suscripci\u00f3n, contacto, interacci\u00f3n con la web y cualquier otro dato facilitado durante la navegaci\u00f3n, incluyendo la informaci\u00f3n suministrada por las cookies en relaci\u00f3n a los h\u00e1bitos de navegaci\u00f3n, comportar\u00e1 adem\u00e1s la aceptaci\u00f3n de car\u00e1cter voluntario por tu parte con relaci\u00f3n al tratamiento de dichos datos personales por Miguel Moreno Arrabal\u00a0\u00a0a fin de ser segmentados o categorizados\u00a0con la finalidad de aplicarlos a la actividad relacionada con la gesti\u00f3n de administraci\u00f3n general, informaci\u00f3n, comercializaci\u00f3n de espacios publicitarios, elaborar perfiles, an\u00e1lisis de propuestas solicitadas por los usuarios\/clientes, estudio estad\u00edstico de los servicios y contenidos utilizados, gustos y preferencias, encuestas o formularios.<\/p>\n<p>Los datos que utilizamos en la elaboraci\u00f3n de perfiles y que mostramos a los anunciantes, no son datos que permitan identificar a los usuarios,\u00a0solo se muestran en una gr\u00e1fica el tipo de p\u00fablico que tenemos, su edad, pa\u00eds, g\u00e9nero, etc.<br \/>\nEl usuario que acceda a esta web, consiente expl\u00edcitamente la utilizaci\u00f3n de su informaci\u00f3n personal para labores de elaboraci\u00f3n de perfiles, segmentaci\u00f3n y categorizaci\u00f3n de datos para las finalidades descritas en el apartado anterior y la cesi\u00f3n de esta informaci\u00f3n a anunciantes.<\/p>\n<p>VI) Servicios de terceros<\/p>\n<p>Prestan servicios estrictamente necesarios para el desarrollo de su actividad, el responsable comparte datos con los siguientes prestadores bajo sus correspondientes condiciones de privacidad.<\/p>\n<ul>\n<li>Hosting:\u00a0Siteground, seg\u00fan sus\u00a0<a href=\"https:\/\/www.siteground.es\/viewtos\/privacy_policy\">condiciones de privacidad.<\/a><\/li>\n<\/ul>\n<p>Servicios De An\u00e1lisis: Statcounter y Google Analytics<\/p>\n<ul>\n<li>StatCounter:\u00a0Este sitio web utiliza un contador de visitas propiedad de StatCounter que puede recopilar datos de los visitantes. El responsable, del cu\u00e1l no depende su gesti\u00f3n y privacidad, nunca mostrar\u00e1 p\u00fablicamente estos datos, y el uso de la web se rige en base a\u00a0<a href=\"https:\/\/www.google.com\/url?q=http:\/\/statcounter.com\/about\/legal\/%23privacy&amp;sa=D&amp;ust=1584630864313000\">la pol\u00edtica de privacidad de STATCOUNTER<\/a>, Este sitio tambi\u00e9n puede albergar publicidad propia, de afiliados, o de redes publicitarias. Esta publicidad se muestra mediante servidores publicitarios que tambi\u00e9n utilizan cookies para mostrar contenidos publicitarios afines a los usuarios. Cada uno de estos servidores publicitarios dispone de su propia pol\u00edtica de privacidad, que puede ser consultada en sus propias p\u00e1ginas web.<\/li>\n<\/ul>\n<p>Google Analytics:\u00a0un servicio anal\u00edtico de web prestado por Google, Inc., una compa\u00f1\u00eda de Delaware cuya oficina principal est\u00e1 en 1600 Amphitheatre Parkway, Mountain View (California), CA 94043, Estados Unidos (\u201cGoogle\u201d). Google Analytics utiliza \u201ccookies\u201d, que son archivos de texto ubicados en tu ordenador, para ayudar a la web a analizar el uso que hacen los usuarios del sitio web. La informaci\u00f3n que genera la cookie acerca de su uso de esta web (incluyendo tu direcci\u00f3n IP) ser\u00e1 directamente transmitida y archivada por\u00a0Google en los servidores de Estados Unidos. Google usar\u00e1 esta informaci\u00f3n por cuenta nuestra con el prop\u00f3sito de seguir la pista de su uso de esta web, recopilando informes de la actividad y prestando otros servicios relacionados con la actividad de \u00a0\u00a0esta web y el uso de Internet. Google podr\u00e1 transmitir dicha informaci\u00f3n a terceros cuando as\u00ed se lo requiera la legislaci\u00f3n, o cuando dichos terceros procesen la informaci\u00f3n por cuenta de Google. Google no asociar\u00e1 tu direcci\u00f3n IP con ning\u00fan otro dato del que disponga Google. Puedes rechazar el tratamiento de los datos o la informaci\u00f3n rechazando el uso de cookies mediante la selecci\u00f3n de la configuraci\u00f3n apropiada de tu navegador, sin embargo, debes saber que, si lo haces, puede ser que no pueda usar la plena funcionabilidad de \u00a0\u00a0la web. Al utilizar esta web, consientes el tratamiento de tu informaci\u00f3n por Google en la forma y para los fines indicados.\u00a0<a href=\"https:\/\/www.google.com\/url?q=https:\/\/policies.google.com\/privacy&amp;sa=D&amp;ust=1584630864313000\">Politica de Privaciada de Google analytics &#8211; Privacy Policy \u2013 Privacy &amp; Terms<\/a><\/p>\n<p>&nbsp;<\/p>\n<p>Servicios publicitarios:\u00a0Adsence, Amaz\u00f3n\u00a0 y 11870<\/p>\n<ul>\n<li>Google Adsense:\u00a0Google, como proveedor asociado, utiliza cookies para publicar anuncios en este sitio web. Los usuarios pueden inhabilitar el uso de la cookie de DART a trav\u00e9s del anuncio de Google y accediendo a la\u00a0<a href=\"https:\/\/www.google.com\/url?q=http:\/\/www.google.es\/privacy_cookies.html&amp;sa=D&amp;ust=1584630864314000\">pol\u00edtica de privacidad de la red de contenido<\/a>. Google utiliza empresas publicitarias asociadas para publicar anuncios cuando visitas nuestro sitio web. Es posible que estas empresas usen la informaci\u00f3n que obtienen de sus visitas a este y otros sitios web (sin incluir tu nombre, direcci\u00f3n, direcci\u00f3n de correo electr\u00f3nico o n\u00famero de tel\u00e9fono) para ofrecerte anuncios sobre productos y servicios relacionados con tus intereses. Si deseas obtener m\u00e1s informaci\u00f3n sobre esta pr\u00e1ctica y conocer sus opciones para impedir que estas empresas usen esta informaci\u00f3n,\u00a0<a href=\"https:\/\/www.google.com\/url?q=http:\/\/www.google.es\/privacy_cookies.html&amp;sa=D&amp;ust=1584630864314000\">haz clic aqu\u00ed<\/a>.<\/li>\n<\/ul>\n<ol>\n<li>Servicio de afiliados:\u00a0Utilizamos las funciones de Amazon para a a\u00f1adir productos que recomendamos f\u00e1cilmente a la cesta en Amazon.es. Creamos algunos enlaces con los que los clientes pueden a\u00f1adir productos de vendedores terceros en sus cestas. Amazon muestra publicidad basada en los intereses del usuario generada a partir de la informaci\u00f3n que el usuario pone a su disposici\u00f3n cuando interact\u00faa con sitios web, contenidos o servicios. La publicidad basada en los intereses del usuario, se generan y se le muestran a partir de la informaci\u00f3n recogida en sitios webs que incluyen contenido o anuncios de Amazon, como es nuestro caso. \u00a0<a href=\"https:\/\/www.google.com\/url?q=https:\/\/www.amazon.es\/gp\/help\/customer\/display.html?ie%3DUTF8%26nodeId%3D201909010%26ref_%3Dfooter_privacy&amp;sa=D&amp;ust=1584630864315000\">Politica de Privacidad<\/a><\/li>\n<\/ol>\n<p>Adhesi\u00f3n al Marco de Transparencia y Consentimient<br \/>\nmiguelmoreno.org\/blog participa y est\u00e1 conforme con el conjunto de las Especificaciones y Pol\u00edticas del Transparency &amp; Consent Framework del IAB Europe. miguelmoreno.org\/blog utiliza la Consent Management Platform n\u00b0 92.<\/p>\n<p>Podr\u00e1 modificar sus elecciones en cualquier momento <a href='javascript:Sddan.cmp.displayUI()'>haciendo clic aqu\u00ed<\/a>.<\/p>\n<\/div>\n","protected":false},"excerpt":{"rendered":"<p>Gracias por visitar nuestro por portal y por interesarte en las condiciones que hemos establecido para proteger tu privacidad y ofrecerte un entorno de confianza. Revisado el 26 de febrero de 2020 Identificaci\u00f3n del Responsable de Tratamiento de los datos personales: I) En cumplimiento de la vigente normativa de Protecci\u00f3n de Datos, compuesta por el &#8230; <\/p>\n<p class=\"read-more-container\"><a title=\"Pol\u00edtica de Privacidad\" class=\"read-more button\" href=\"https:\/\/miguelmoreno.org\/blog\/politica-de-privacidad\/#more-12555\" aria-label=\"Leer m\u00e1s sobre Pol\u00edtica de Privacidad\">M\u00e1s informaci\u00f3n<\/a><\/p>\n","protected":false},"author":6,"featured_media":0,"parent":0,"menu_order":0,"comment_status":"closed","ping_status":"closed","template":"","meta":{"footnotes":""},"class_list":["post-12555","page","type-page","status-publish"],"yoast_head":"<!-- This site is optimized with the Yoast SEO plugin v25.9 - https:\/\/yoast.com\/wordpress\/plugins\/seo\/ -->\n<title>Pol\u00edtica de Privacidad - El Blog del Sur<\/title>\n<meta name=\"robots\" content=\"noindex, nofollow\" \/>\n<meta name=\"twitter:label1\" content=\"Tiempo de lectura\" \/>\n\t<meta name=\"twitter:data1\" content=\"10 minutos\" \/>\n<script type=\"application\/ld+json\" class=\"yoast-schema-graph\">{\"@context\":\"https:\/\/schema.org\",\"@graph\":[{\"@type\":\"WebPage\",\"@id\":\"https:\/\/miguelmoreno.org\/blog\/politica-de-privacidad\/\",\"url\":\"https:\/\/miguelmoreno.org\/blog\/politica-de-privacidad\/\",\"name\":\"Pol\u00edtica de Privacidad - El Blog del Sur\",\"isPartOf\":{\"@id\":\"https:\/\/miguelmoreno.org\/blog\/#website\"},\"primaryImageOfPage\":{\"@id\":\"https:\/\/miguelmoreno.org\/blog\/politica-de-privacidad\/#primaryimage\"},\"image\":{\"@id\":\"https:\/\/miguelmoreno.org\/blog\/politica-de-privacidad\/#primaryimage\"},\"thumbnailUrl\":\"https:\/\/miguelmoreno.org\/blog\/wp-content\/uploads\/2023\/12\/aviso-legal.jpg\",\"datePublished\":\"2023-12-21T09:59:10+00:00\",\"dateModified\":\"2023-12-21T10:03:44+00:00\",\"breadcrumb\":{\"@id\":\"https:\/\/miguelmoreno.org\/blog\/politica-de-privacidad\/#breadcrumb\"},\"inLanguage\":\"es\",\"potentialAction\":[{\"@type\":\"ReadAction\",\"target\":[\"https:\/\/miguelmoreno.org\/blog\/politica-de-privacidad\/\"]}]},{\"@type\":\"ImageObject\",\"inLanguage\":\"es\",\"@id\":\"https:\/\/miguelmoreno.org\/blog\/politica-de-privacidad\/#primaryimage\",\"url\":\"https:\/\/miguelmoreno.org\/blog\/wp-content\/uploads\/2023\/12\/aviso-legal.jpg\",\"contentUrl\":\"https:\/\/miguelmoreno.org\/blog\/wp-content\/uploads\/2023\/12\/aviso-legal.jpg\",\"width\":1024,\"height\":137},{\"@type\":\"BreadcrumbList\",\"@id\":\"https:\/\/miguelmoreno.org\/blog\/politica-de-privacidad\/#breadcrumb\",\"itemListElement\":[{\"@type\":\"ListItem\",\"position\":1,\"name\":\"Portada\",\"item\":\"https:\/\/miguelmoreno.org\/blog\/\"},{\"@type\":\"ListItem\",\"position\":2,\"name\":\"Pol\u00edtica de Privacidad\"}]},{\"@type\":\"WebSite\",\"@id\":\"https:\/\/miguelmoreno.org\/blog\/#website\",\"url\":\"https:\/\/miguelmoreno.org\/blog\/\",\"name\":\"El Blog del Sur\",\"description\":\"Cultura, conciertos, ferias, coplas...\",\"potentialAction\":[{\"@type\":\"SearchAction\",\"target\":{\"@type\":\"EntryPoint\",\"urlTemplate\":\"https:\/\/miguelmoreno.org\/blog\/?s={search_term_string}\"},\"query-input\":{\"@type\":\"PropertyValueSpecification\",\"valueRequired\":true,\"valueName\":\"search_term_string\"}}],\"inLanguage\":\"es\"}]}<\/script>\n<!-- \/ Yoast SEO plugin. -->","yoast_head_json":{"title":"Pol\u00edtica de Privacidad - El Blog del Sur","robots":{"index":"noindex","follow":"nofollow"},"twitter_misc":{"Tiempo de lectura":"10 minutos"},"schema":{"@context":"https:\/\/schema.org","@graph":[{"@type":"WebPage","@id":"https:\/\/miguelmoreno.org\/blog\/politica-de-privacidad\/","url":"https:\/\/miguelmoreno.org\/blog\/politica-de-privacidad\/","name":"Pol\u00edtica de Privacidad - El Blog del Sur","isPartOf":{"@id":"https:\/\/miguelmoreno.org\/blog\/#website"},"primaryImageOfPage":{"@id":"https:\/\/miguelmoreno.org\/blog\/politica-de-privacidad\/#primaryimage"},"image":{"@id":"https:\/\/miguelmoreno.org\/blog\/politica-de-privacidad\/#primaryimage"},"thumbnailUrl":"https:\/\/miguelmoreno.org\/blog\/wp-content\/uploads\/2023\/12\/aviso-legal.jpg","datePublished":"2023-12-21T09:59:10+00:00","dateModified":"2023-12-21T10:03:44+00:00","breadcrumb":{"@id":"https:\/\/miguelmoreno.org\/blog\/politica-de-privacidad\/#breadcrumb"},"inLanguage":"es","potentialAction":[{"@type":"ReadAction","target":["https:\/\/miguelmoreno.org\/blog\/politica-de-privacidad\/"]}]},{"@type":"ImageObject","inLanguage":"es","@id":"https:\/\/miguelmoreno.org\/blog\/politica-de-privacidad\/#primaryimage","url":"https:\/\/miguelmoreno.org\/blog\/wp-content\/uploads\/2023\/12\/aviso-legal.jpg","contentUrl":"https:\/\/miguelmoreno.org\/blog\/wp-content\/uploads\/2023\/12\/aviso-legal.jpg","width":1024,"height":137},{"@type":"BreadcrumbList","@id":"https:\/\/miguelmoreno.org\/blog\/politica-de-privacidad\/#breadcrumb","itemListElement":[{"@type":"ListItem","position":1,"name":"Portada","item":"https:\/\/miguelmoreno.org\/blog\/"},{"@type":"ListItem","position":2,"name":"Pol\u00edtica de Privacidad"}]},{"@type":"WebSite","@id":"https:\/\/miguelmoreno.org\/blog\/#website","url":"https:\/\/miguelmoreno.org\/blog\/","name":"El Blog del Sur","description":"Cultura, conciertos, ferias, coplas...","potentialAction":[{"@type":"SearchAction","target":{"@type":"EntryPoint","urlTemplate":"https:\/\/miguelmoreno.org\/blog\/?s={search_term_string}"},"query-input":{"@type":"PropertyValueSpecification","valueRequired":true,"valueName":"search_term_string"}}],"inLanguage":"es"}]}},"_links":{"self":[{"href":"https:\/\/miguelmoreno.org\/blog\/wp-json\/wp\/v2\/pages\/12555","targetHints":{"allow":["GET"]}}],"collection":[{"href":"https:\/\/miguelmoreno.org\/blog\/wp-json\/wp\/v2\/pages"}],"about":[{"href":"https:\/\/miguelmoreno.org\/blog\/wp-json\/wp\/v2\/types\/page"}],"author":[{"embeddable":true,"href":"https:\/\/miguelmoreno.org\/blog\/wp-json\/wp\/v2\/users\/6"}],"replies":[{"embeddable":true,"href":"https:\/\/miguelmoreno.org\/blog\/wp-json\/wp\/v2\/comments?post=12555"}],"version-history":[{"count":4,"href":"https:\/\/miguelmoreno.org\/blog\/wp-json\/wp\/v2\/pages\/12555\/revisions"}],"predecessor-version":[{"id":12559,"href":"https:\/\/miguelmoreno.org\/blog\/wp-json\/wp\/v2\/pages\/12555\/revisions\/12559"}],"wp:attachment":[{"href":"https:\/\/miguelmoreno.org\/blog\/wp-json\/wp\/v2\/media?parent=12555"}],"curies":[{"name":"wp","href":"https:\/\/api.w.org\/{rel}","templated":true}]}}